2 + -82 - (-2 + 1) - 15)?
81
What is 64 - 2 - (1317 - 1253)?
-2
Calculate 0 + 46 - (-20 - 122 - -141).
47
What is the value of (18 - 97) + 150 + 9 + -2?
78
Calculate (-15 - (-9 + -13)) + 16 + -8.
15
(1 - 61) + 93 + (-2 + 0 - -1) + -6
26
Evaluate (-2 - -7) + -4 - (-85 + 51).
35
56 + 48 + -10 + -89 - (91 - 1)
-85
What is (41 - 164) + 31 - (-25 - (-18 - -8))?
-77
What is 0 + 0 - (36 + -2 + -65)?
31
(-6 - (-6 + 3 - -2)) + 32 + -39
-12
What is 29 - 1 - (20 + (-3 - ((1 - -6) + 9)))?
27
What is the value of 6 - (-5 - -100 - 10) - (88 + -88)?
-79
Calculate (-6 - -103) + -505 + 450.
42
Evaluate -23737 - -23736 - (3 + 29 + 3).
-36
Evaluate -13 + (182 - 53) - -6.
122
What is 3 + 94 + (-17 + 23 - 36)?
67
Calculate 1 - 16 - (-84 + (-84 - -130)).
23
25 + (152 + -182 - -127)
122
Calculate -43 - (2 - 3) - (4 - -47 - 42).
-51
Calculate 51 + -5 - (6 - -7 - (-6 - -29)).
56
Calculate (-10 - -1 - (17 - (-25 - -56)) - -79) + -10.
74
What is 5 + -4 + 14 + -14?
1
Calculate 52 + 45 + -114 - 34.
-51
Calculate 0 + 67 - (-64 + 27 + 55).
49
(35 - 35) + 39 - 16
23
What is 101 + (-195 - -83) - (0 + 1)?
-12
Evaluate 0 - (-4 + 1) - (1 + 11 - (10861 + -10834)).
18
What is -1769 + 1769 + (-18 - -2)?
-16
What is (36 - 55) + (6 - (-3 + -3)) + 65?
58
Evaluate -3 - (7 + (11 - (10 + -6) - -1) + -94).
76
(-94 - -24 - -59) + (-2 - 1) + 92
78
-435 - -419 - (1 + -3 - 3)
-11
Evaluate 2 - 14 - -1 - (2068 - 2118).
39
What is -120 - (-1 + (1 - (16 - 3)) + (6 - 3))?
-110
Calculate -4 - (3 + -41 - (3 - (-9 - -1 - -6))).
39
5 - 11 - 12 - (120 - 101) - (2 + 7)
-46
Calculate 235 + -159 + -14 - (-4 - -25).
41
4 + -2 - (-7 + (31 - 13) + -17)
8
Evaluate (155 - 149) + (106 + 8 - -19).
139
What is the value of 974 - 993 - (3 + (-29 - -2))?
5
Evaluate 49 - 28 - (16 - (-4 - -9)).
10
-15 + (70 - 34) + -75 - 39
-93
What is 1 - 1 - (246 + -270 - (0 + 14))?
38
What is (-103 - -1) + 15404 + -15314?
-12
Calculate 139 + (74 - -26) + -121.
118
40 - (-49 + (71 - 36))
54
What is the value of -25 + (-69 - -22) + 17?
-55
What is 105 + -89 + (-112 - -1) - (8 - -1)?
-104
74 - 75 - (6 - (-45 + -11))
-63
Calculate 10 + 2 + -149 + 255 - 24.
94
What is the value of (17 - 18 - 16) + 32 + -57?
-42
What is the value of 17 + (0 + 21 - (-626 - -642))?
22
Calculate -63 + (-31 - -53) + -4.
-45
What is the value of (78 - 47) + 35 + -23?
43
(0 - -8) + 136 + 21 + -27 - 19
119
What is (10 - 6) + -60 + (9 - (-13 + 25)) + 6?
-53
Evaluate (-31 - -9) + (204 - 216).
-34
What is the value of -34 - (-83 + 36) - -44?
57
Evaluate (-13 - (-16 + -11)) + (-17 - -17).
14
Calculate -39 - (29 - (112 - 7)).
37
What is (-14 + 35 - 12) + (-5 - 13)?
-9
3 - ((-68 - -56) + 39)
-24
4 - -13 - -59 - (3 + (-3 - -20))
56
(3 + 12 - (-248 - -242)) + 65
86
What is the value of (247 - 119 - 124) + -81?
-77
Calculate (1 - -37) + (-8 - (-1 - (-3 - -4))).
32
What is 15 - (23 - 15 - (0 - -10))?
17
What is -6 - 6 - (-25 + (19 - -3))?
-9
What is 5 + 11 + -30 + 36 + -4 + 6 + -14?
10
Calculate 37 - (30 + (-36 - -81)).
-38
Calculate -1 + (-2 - (-7 - (-5 + -3 - -9))) + -4.
1
Calculate -2 + -3 + 8 + -2 + (-29 - 13).
-41
What is -85 + 66 + 80 + -11?
50
Calculate 52 - -1 - (8 + (-16 - 16) + 18 + 17).
42
What is 162 + -125 + 95 - 193?
-61
Evaluate (-26 - -111 - 66) + -98.
-79
-32 + -14 + (9 - (-2 - (11 + -9)))
-33
What is the value of 2 + -58 + 1 + (43 - (2 + 30))?
-44
What is the value of -57 + 15 + 57 - 13?
2
What is the value of 0 + 3 + 1 - 16 - ((-116 - 26) + 21)?
109
What is the value of -60 + 35 - -33 - (-74 - (7 + -11 + 9))?
87
Calculate 154 - 153 - (-5 - 26).
32
What is the value of -28 - (-40 + 3 + (131 - 84))?
-38
Evaluate (-3 + 0 - -10) + 5 + -6 + 31 + 22.
59
Evaluate -69 - (23 - ((32 - 14) + 40)).
-34
What is 78 + 77 + -285 + 140?
10
-81 + -12 + -3 + -2 + 11 - (3 - 10)
-80
Calculate (-79 - (-62 - 40)) + -62.
-39
What is the value of (-20 + 3 - 6) + (2 - -5)?
-16
What is the value of -3 + (2 - 103) - ((-77 - 126) + 184)?
-85
3 + 0 + 12 + -93 + -2 + (4 - 0)
-76
What is the value of -58 + (11 - 5) - -40?
-12
Calculate -9 + -1 - (427 - 488) - 55.
-4
Evaluate (-14 - 25) + (-18 - (2 - (8 + -6)) - -10).
-47
-84 - (-91 + 60 - -31 - (2 + 1 - 8))
-89
What is -58 - -45 - (4 - 6) - -3?
-8
Evaluate 14 + -2 - (-1 + 7 + 370 + -371).
7
What is the value of (-781 - -772) + -1 + 5 + (3 - 15)?
-17
What is -15 + (-5 - -11) + (15 - 12)?
-6
-19 + -17 + (-16 + 155 - 33)
70
What is the value of -30051 + 30103 + (3 + (-3 - -2) + -2 - 4)?
48
(22 - (-10 - -54 - 23 - -6)) + (3 - 2)
-4
Calculate -45 - 8 - ((2 - 0 - -1) + -274 + 281).
-63
What is the value of -53 - (10 + -3) - (-15 - (-21 - 15 - -19))?
-62
What is -127 + 1 - (4 + (36 - 61 - -2))?
-107
What is (-9 - 54) + -74 + 55?
-82
Calculate (-215 - 61) + 278 + 2 + -90 + 1.
-85
Calculate -62 + -1 + 3 + (11 - (99 + -100)).
-48
Calculate 0 + 1 + 8 + -3 - (-302 - -297).
11
52 + -13 + -8 + -6 + 15
40
What is -9 - (-1 + 2) - (231 - 230) - (0 - 10)?
-1
127 + -103 + 31 - (5 + -3 + -23)
76
What is (-4 - -2) + 107 + (-7 - -173 - 160)?
111
Evaluate 198 - 223 - (12 - (-12 + 82)).
33
What is 28 + (49 - 38) - 66?
-27
Evaluate 130 + -112 + (97 - 106).
9
What is 21 + (21 - 5 - 15 - -17)?
39
Evaluate -18 + -10 + -3 + (146 - 49).
66
Evaluate (-23 - (-26 + -35)) + (5 - 27).
16
What is 14 - -16 - (35 + 5) - 102?
-112
(11 - 16) + -59 + 3
-61
Calculate (-12 - (-2 + 1 + -9)) + 60 + -13.
45
What is the value of -606 + 511 + (-3 - (1 + -1 + 4 + -4))?
-98
Calculate -19 + (83 - 49) - 30.
-15
What is (-44 + 18 - -20) + -2 + -3?
-11
Calculate -13 + 0 + (10 - (-17 + 26)) - -54.
42
-9 - (-2 + -17 + 31) - 28
-49
What is -15 - (-11 - 0) - (-24 - -33)?
-13
Calculate 5 + (-28 - -2) + (15 - 29 - -18 - 2).
-19
Evaluate 20 + 0 + (-49 - (-41 - (43 - 54))).
1
What is the value of -31 + (-11 - (-69 + 28)) - 11?
-12
What is (109 - (144 - 39)) + -14 + -1?
-11
(1 - 40 - (31 - 15)) + 6
-49
What is -46 - (7 + (15 - 17)) - (4 - 17)?
-38
Evaluate 176 + -256 - (-50 - -3).
-33
Calculate -18 - ((-36 - -28) + 62 + -20).
-52
8 + 20 + -10 - (13 + -1)
6
-50 - -1 - ((-87 - -8) + 72)
-42
59 + -4 - -1 - 45
11
-12 + 75 + 108 + -87
84
Calculate -14 + 7 - ((46 - 25) + 77) - -14.
-91
What is the value of (-1 + 2 - 8) + (-39 - -34) - 32?
-44
Calculate -163 + 352 + 45 + -158.
76
What is the value of 3 + 2 + (-16 - (-16 + -1)) - 23?
-17
Calculate -71 + -13 - (145 - 238).
9
Calculate -36 + (-25 - -70 - -33).
42
Calculate 8 + 11 + -50 + 18 + -71.
-84
Evaluate -65 - ((55 - 130) + 28).
-18
Calculate 1 + -37 + -7152 + 7163.
-25
Calculate 90 + -100 + (2 - -17 - 1) + 65 + -71.
2
What is the value of -21 + 29 + (-4 + 51 - 25)?
30
What is -7 + -52 + -19 + 6 + 6?
-66
(-18 - 27) + 23 + -15 + 3
-34
What is 67 + -71 + 5 - (-15 + 3)?
13
(4 - 1) + (-72 - (-147 - -54))
24
What is (-25 - 11 - -101) + 36 - 34?
67
(-23638 - -23585) + 1 + (-2 - -32)
-22
What is 60 + -3 + 11 + -20 + 7 + -7 + 5?
53
What is the value of 29 - (8 - (-22 + (66 - 5)))?
60
-37 + 62 - (4 + 2 + -12 - (-4 + 6))
33
Evaluate -77 + (9 - 22) + 5 + (-4 + 1 - 4).
-92
Calculate -952 - -1004 - (-62 + -6).
120
Evaluate -3 - 125 - (-1820 + 1696).
-4
What is the value of (-12 - 1) + 2 - (31 - -4 - (420 - 404))?
-30
(20 + 16 - 14) + -23
-1
0 - (-20 - 0) - (-8666 + 8678) - 107
-99
What is -4 + (56 - 49) - 27?
-24
What is 13 - (-8 + 18 - 16 - 7)?
26
Evaluate -11 - (9 + 0 + (161 - 171)).
-10
What is -2 - (-33 + -63) - 49?
45
Evaluate (27 - 16) + -6 + 27 + -7.
25
Evaluate 46 + -10 - (83 - -21).
-68
(0 - (-2 + -6 - -8)) + (-272 - -185)
-87
Calculate 6 + (1 - -3) - ((-4 - -2) + 7 - 11).
16
Calculate -19 + -20 + (-40 + 10 - -14).
-55
Evaluate 1 + 1 - 6 - 30 - (39 - 37).
-36
What is -62 - (6 + (35 - 31) + -43)?
-29
What is the value of 44 + (-6 - 0) + -4 + 2 + 5?
41
What is -2 - (3 - (-17 + (-3 + 14 - 27)))?
-38
What is (-27 - -46 - 83) + 50?
-14
What is (-7 - -44) + -5 + (45 - 16)?
61
What is -8 + -14 + -7 + 21 - -24?
16
Evaluate -53 - -4 - (9 + 43 + -56).
-45
-13 + -127 + 86 - (2 - 24 - -1)
-33
What is -83 + 18 + (110 - 79)?
-34
Calculate (-14 - (4 - (2 + -1 + 9))) + (-136 - -202).
58
Evaluate 27 + (-4 - -12) + (8 + -10 + -7 - 1).
25
Calculate 8 - ((26 - 32) + -52 - -29).
37
-10 + 24 - (-2 - -53)
-37
Evaluate 74 - (-66 + 2 - -101).
37
-71 - -57 - (8 + -4 - -7)
-25
What is the value of -8 + 7 + -19 - (-71 - -11)?
40
Calculate 24 - -45 - 141 - -46.
-26
Calculate 